ase 8.
336
What is -48 (base 9) in base 6?
-112
What is 15 (base 9) in base 12?
12
Convert -382 (base 9) to base 15.
-162
What is -5d (base 14) in base 2?
-1010011
Convert 3013 (base 4) to base 11.
171
What is -8 (base 12) in base 2?
-1000
What is 1 (base 16) in base 2?
1
What is 2 (base 16) in base 15?
2
b (base 12) to base 11
10
Convert 93 (base 10) to base 7.
162
-12 (base 4) to base 9
-6
What is -62 (base 10) in base 3?
-2022
What is -62 (base 9) in base 7?
-110
Convert -18 (base 16) to base 13.
-1b
What is 11 (base 9) in base 7?
13
Convert 1 (base 12) to base 3.
1
Convert 2 (base 5) to base 11.
2
What is 98 (base 11) in base 13?
83
What is -3 (base 5) in base 11?
-3
Convert -3 (base 7) to base 14.
-3
-3 (base 9) to base 7
-3
124 (base 5) to base 10
39
What is 12 (base 11) in base 14?
d
What is 6 (base 12) in base 9?
6
-100 (base 3) to base 10
-9
Convert 0 (base 15) to base 2.
0
1 (base 16) to base 15
1
Convert -52 (base 6) to base 13.
-26
7 (base 14) to base 15
7
What is -11 (base 13) in base 16?
-e
Convert -24 (base 9) to base 4.
-112
What is 1002 (base 3) in base 10?
29
Convert -14 (base 5) to base 16.
-9
6 (base 16) to base 4
12
What is 2 (base 12) in base 6?
2
What is 135 (base 6) in base 9?
65
What is 0 (base 12) in base 9?
0
Convert 13 (base 10) to base 8.
15
a (base 12) to base 6
14
11 (base 5) to base 4
12
What is 6 (base 15) in base 12?
6
100 (base 2) to base 9
4
23 (base 8) to base 9
21
What is -100 (base 2) in base 6?
-4
-8 (base 14) to base 12
-8
Convert -3 (base 11) to base 7.
-3
What is 54 (base 7) in base 16?
27
1010 (base 6) to base 16
de
Convert 42 (base 15) to base 10.
62
Convert -11000 (base 2) to base 14.
-1a
0 (base 11) to base 4
0
-14 (base 11) to base 6
-23
What is -3 (base 11) in base 13?
-3
What is 13 (base 8) in base 5?
21
What is 33 (base 8) in base 2?
11011
-1 (base 9) to base 11
-1
What is 4 (base 7) in base 14?
4
What is -12e (base 16) in base 12?
-212
270 (base 11) to base 15
164
Convert -1 (base 13) to base 4.
-1
What is 320 (base 4) in base 2?
111000
What is d (base 14) in base 3?
111
What is 22 (base 10) in base 5?
42
What is 37 (base 9) in base 10?
34
-1 (base 3) to base 4
-1
-33 (base 7) to base 3
-220
What is -109 (base 10) in base 12?
-91
-2 (base 8) to base 10
-2
What is 13 (base 9) in base 4?
30
What is a4 (base 12) in base 4?
1330
What is -2 (base 12) in base 6?
-2
Convert 3 (base 9) to base 6.
3
What is 36 (base 11) in base 10?
39
What is 204 (base 6) in base 7?
136
Convert -104 (base 10) to base 12.
-88
-11 (base 4) to base 15
-5
Convert -7 (base 15) to base 2.
-111
Convert -53 (base 14) to base 13.
-58
What is -3 (base 10) in base 9?
-3
3 (base 12) to base 3
10
What is 101 (base 7) in base 16?
32
-1 (base 11) to base 16
-1
1 (base 8) to base 14
1
What is 14 (base 10) in base 7?
20
0 (base 16) to base 10
0
20 (base 12) to base 10
24
What is 21 (base 4) in base 13?
9
-1 (base 13) to base 15
-1
17 (base 8) to base 7
21
What is -1111 (base 4) in base 10?
-85
-15 (base 8) to base 16
-d
Convert 101 (base 2) to base 15.
5
-3 (base 7) to base 14
-3
3 (base 7) to base 5
3
-4 (base 5) to base 3
-11
Convert 1a (base 15) to base 11.
23
What is 10 (base 8) in base 9?
8
Convert -10100 (base 3) to base 14.
-66
232 (base 5) to base 14
4b
112 (base 4) to base 11
20
What is 4 (base 7) in base 3?
11
Convert 1 (base 3) to base 4.
1
Convert 11 (base 15) to base 7.
22
50 (base 6) to base 9
33
-63 (base 10) to base 4
-333
Convert 100 (base 2) to base 3.
11
1f (base 16) to base 12
27
-3 (base 4) to base 14
-3
246 (base 8) to base 16
a6
Convert 40 (base 5) to base 6.
32
Convert 8 (base 11) to base 3.
22
What is -1 (base 3) in base 6?
-1
-b9 (base 12) to base 6
-353
What is -1c (base 16) in base 6?
-44
What is ba (base 15) in base 12?
127
What is -11122 (base 3) in base 13?
-98
What is 43 (base 11) in base 13?
38
Convert 52 (base 9) to base 5.
142
-22 (base 6) to base 10
-14
-12 (base 7) to base 14
-9
What is -23 (base 16) in base 5?
-120
What is 213 (base 5) in base 10?
58
-3 (base 13) to base 8
-3
Convert -16 (base 9) to base 6.
-23
-4 (base 15) to base 10
-4
Convert -2102 (base 3) to base 8.
-101
-3 (base 9) to base 8
-3
What is -6 (base 7) in base 14?
-6
3 (base 14) to base 8
3
What is -11 (base 8) in base 14?
-9
What is 13 (base 4) in base 15?
7
What is a1 (base 15) in base 14?
ab
10100000 (base 2) to base 16
a0
What is 20 (base 13) in base 4?
122
What is 0 (base 10) in base 15?
0
-6 (base 11) to base 8
-6
Convert -10 (base 2) to base 12.
-2
What is 24 (base 7) in base 12?
16
What is 2302 (base 4) in base 9?
217
Convert -2 (base 8) to base 14.
-2
-98 (base 13) to base 14
-8d
14 (base 10) to base 9
15
Convert -2 (base 12) to base 14.
-2
-4 (base 16) to base 9
-4
Convert -2 (base 5) to base 16.
-2
4 (base 15) to base 3
11
99 (base 11) to base 2
1101100
337 (base 9) to base 7
544
What is 31 (base 4) in base 3?
111
202 (base 7) to base 4
1210
100 (base 2) to base 3
11
0 (base 4) to base 6
0
-99 (base 14) to base 11
-113
Convert -2043 (base 5) to base 13.
-180
a (base 11) to base 8
12
What is -2a (base 16) in base 13?
-33
-2 (base 13) to base 15
-2
Convert -3 (base 12) to base 8.
-3
What is -5 (base 8) in base 2?
-101
-144 (base 10) to base 16
-90
80 (base 11) to base 4
1120
140 (base 5) to base 6
113
Convert -107 (base 10) to base 11.
-98
-3 (base 16) to base 14
-3
145 (base 11) to base 10
170
What is -9 (base 15) in base 13?
-9
Convert -2 (base 10) to base 2.
-10
b (base 12) to base 13
b
What is 0 (base 13) in base 9?
0
Convert 25 (base 11) to base 3.
1000
What is 2 (base 14) in base 6?
2
157 (base 9) to base 14
97
What is -10 (base 2) in base 9?
-2
What is 2a0 (base 11) in base 9?
431
What is 3 (base 11) in base 2?
11
What is 21 (base 3) in base 7?
10
-13 (base 4) to base 7
-10
-3 (base 16) to base 8
-3
-23 (base 15) to base 13
-27
What is -3 (base 9) in base 15?
-3
Convert 3 (base 5) to base 8.
3
-2 (base 3) to base 6
-2
What is -75 (base 8) in base 3?
-2021
Convert 1 (base 14) to base 7.
1
Convert 11 (base 5) to base 15.
6
Convert 22 (base 4) to base 12.
a
What is 22 (base 4) in base 5?
20
What is 200 (base 4) in base 2?
100000
-f (base 16) to base 7
-21
What is 29 (base 13) in base 6?
55
Convert -11 (base 4) to base 14.
-5
Convert 1 (base 9) to base 15.
1
Convert 111 (base 4) to base 2.
10101
What is 3 (base 7) in base 13?
3
Convert -2 (base 13) to base 16.
-2
11 (base 9) to base 3
101
What is 1 (base 16) in base 7?
1
172 (base 9) to base 2
10010010
What is 14 (base 11) in base 4?
33
Convert -a (base 13) to base 15.
-a
-2 (base 4) to base 3
-2
9 (base 16) to base 6
13
What is 238 (base 9) in base 7?
401
-9 (base 14) to base 9
-10
Convert -2 (base 6) to base 7.
-2
What is -7 (base 15) in base 12?
-7
-5 (base 10) to base 15
-5
What is -11 (base 13) in base 3?
-112
0 (base 10) to base 12
0
What is -10 (base 6) in base 10?
-6
123 (base 4) to base 16
1b
Convert 2 (base 15) to base 7.
2
What is 4 (base 11) in base 7?
4
11 (base 2) to base 15
3
Convert 103 (base 6) to base 5.
124
Convert 3c (base 13) to base 3.
1220
-1010001 (base 2) to base 8
-121
Convert -6 (base 13) to base 6.
-10
What is -55 (base 15) in base 5?
-310
2 (base 6) to base 7
2
What is 2 (base 14) in base 10?
2
-20 (base 7) to base 2
-1110
Convert -44 (base 6) to base 15.
-1d
Convert -61 (base 7) to base 2.
-101011
What is -55 (base 8) in base 15?
-30
-104 (base 10) to base 16
-68
What is 50 (base 7) in base 16?
23
What is -4 (base 12) in base 5?
-4
Convert 152 (base 8) to base 7.
211
What is -7 (base 9) in base 10?
-7
Convert -28 (base 13) to base 4.
-202
What is 21 (base 11) in base 9?
25
11 (base 3) to base 2
100
4 (base 16) to base 6
4
What is -24 (base 6) in base 7?
-22
What is 0 (base 8) in base 10?
0
Convert -3 (base 16) to base 3.
-10
What is 1 (base 15) in base 7?
1
-2 (base 14) to base 7
-2
What is -83 (base 16) in base 2?
-10000011
-4 (base 12) to base 10
-4
-1 (base 11) to base 9
-1
21 (base 4) to base 15
9
-26 (base 16) to base 12
-32
What is -6 (base 11) in base 6?
-10
Convert 30 (base 9) to base 16.
1b
What is -48 (base 10) in base 12?
-40
Convert 4 (base 5) to base 3.
11
Convert -19 (base 13) to base 9.
-24
-2 (base 3) to base 12
-2
-73 (base 13) to base 16
-5e
What is 1 (base 13) in base 6?
1
What is -6 (base 10) in base 13?
-6
Conver